hest common factor of 17280 and 9605520.
2160
What is the greatest common divisor of 405 and 13394385?
45
What is the highest common factor of 30680 and 38545?
65
Calculate the highest common factor of 7126 and 93656.
1018
Calculate the greatest common factor of 432 and 80477658.
54
What is the highest common factor of 5384795 and 325?
65
Calculate the greatest common factor of 2945590 and 1615.
85
What is the highest common factor of 12844 and 1336452?
676
What is the greatest common factor of 15 and 1178823?
3
What is the greatest common factor of 275384 and 18154?
58
What is the greatest common factor of 18539462 and 17334?
214
Calculate the highest common divisor of 8347708 and 52084.
116
What is the highest common divisor of 31255 and 14735?
35
What is the highest common factor of 3912 and 1250146104?
3912
Calculate the highest common divisor of 310632 and 203.
7
What is the highest common factor of 10 and 35085860?
10
What is the greatest common factor of 770 and 16000490?
110
Calculate the greatest common divisor of 2940903 and 126.
63
What is the highest common divisor of 225596455 and 1085?
1085
Calculate the highest common divisor of 16326 and 84322883.
907
Calculate the greatest common factor of 738738 and 82236.
462
What is the highest common divisor of 11 and 136452140?
11
Calculate the greatest common factor of 20912751 and 89709.
5277
Calculate the greatest common divisor of 1207740 and 696.
12
What is the highest common factor of 33122136 and 9424?
248
Calculate the greatest common divisor of 408 and 159204.
12
What is the highest common factor of 40756 and 108985088?
1772
What is the greatest common divisor of 54003410 and 1028?
514
Calculate the highest common factor of 46154 and 269068.
982
What is the highest common divisor of 1050 and 95634245?
35
Calculate the highest common factor of 12357 and 2239363.
1373
What is the highest common factor of 3873 and 206661989?
1291
What is the highest common divisor of 4173 and 166964512?
1391
What is the highest common factor of 2844560 and 1488880?
2960
Calculate the greatest common factor of 384280 and 169130.
130
Calculate the highest common factor of 14287 and 388843.
91
What is the greatest common factor of 14643 and 138609?
9
What is the greatest common divisor of 756530408 and 2?
2
What is the highest common divisor of 165 and 9790705?
5
Calculate the greatest common factor of 4488816 and 1071.
51
Calculate the highest common factor of 125534007 and 5624.
703
What is the greatest common factor of 1905 and 49718214?
381
Calculate the highest common divisor of 51704617 and 383.
383
What is the highest common factor of 218683245 and 1551?
1551
Calculate the highest common factor of 5008273 and 10396.
2599
Calculate the greatest common divisor of 1842 and 61339214.
614
Calculate the greatest common factor of 54788435 and 4953.
1651
Calculate the greatest common factor of 20907 and 5304015.
909
Calculate the greatest common factor of 3674752 and 40.
8
Calculate the greatest common factor of 1918743 and 2076.
519
Calculate the highest common factor of 1057965727 and 91.
91
What is the greatest common factor of 79876 and 35326212?
4204
What is the highest common factor of 46214 and 2842?
14
What is the greatest common divisor of 5033185 and 10?
5
Calculate the greatest common factor of 10330565 and 2829.
943
Calculate the greatest common divisor of 31347 and 2707151.
43
Calculate the highest common factor of 30176 and 813809.
943
Calculate the greatest common divisor of 220225 and 26795.
115
What is the highest common divisor of 1952934 and 1998?
222
What is the greatest common divisor of 15288 and 17290?
182
Calculate the greatest common divisor of 144 and 9948564.
36
Calculate the highest common divisor of 92 and 196782503.
23
Calculate the greatest common divisor of 127781367 and 714.
357
Calculate the greatest common divisor of 10388 and 168706314.
5194
What is the highest common divisor of 29362 and 379427?
53
Calculate the highest common divisor of 22 and 35080969.
11
What is the highest common divisor of 6260 and 1588180?
20
Calculate the greatest common factor of 4016794 and 1887.
629
Calculate the highest common divisor of 35558540 and 60.
20
Calculate the greatest common factor of 168 and 2723928.
24
Calculate the greatest common factor of 3010 and 60942.
14
What is the greatest common factor of 213248 and 614720?
1088
Calculate the highest common factor of 6525329 and 96191.
2237
Calculate the highest common factor of 314 and 4294735.
157
Calculate the greatest common divisor of 238963 and 512069.
19
Calculate the greatest common factor of 19714608 and 1264.
1264
What is the highest common factor of 28018544 and 4?
4
What is the greatest common divisor of 96418 and 951958?
1358
What is the highest common divisor of 14 and 286648?
2
Calculate the greatest common divisor of 4800 and 76048400.
400
What is the greatest common divisor of 14857416 and 27552?
6888
What is the greatest common divisor of 33393197 and 8657?
787
Calculate the greatest common factor of 931707 and 1473633.
1449
Calculate the highest common factor of 3750 and 45294.
6
What is the highest common divisor of 484 and 50416586?
242
Calculate the greatest common divisor of 35876 and 32817571.
8969
Calculate the highest common divisor of 382044624 and 12.
12
Calculate the highest common factor of 2148 and 147377502.
1074
Calculate the greatest common factor of 96424 and 35189088.
5672
Calculate the greatest common divisor of 87359520 and 1886.
1886
What is the greatest common factor of 5225220 and 455010?
870
What is the highest common factor of 11430564 and 12?
12
Calculate the highest common factor of 25375590 and 290.
10
Calculate the greatest common divisor of 8156372 and 448.
28
Calculate the greatest common factor of 180784 and 11912.
8
What is the highest common factor of 8747682 and 36915?
69
What is the greatest common divisor of 8854689 and 1032?
129
Calculate the highest common factor of 2790 and 5421807.
279
Calculate the highest common factor of 6118147 and 2261.
119
Calculate the highest common factor of 145 and 509142995.
145
What is the highest common factor of 7818275 and 1840?
115
Calculate the highest common factor of 6360 and 2970912.
24
What is the highest common factor of 2978637 and 12912?
807
What is the highest common factor of 44002150 and 200?
50
Calculate the greatest common factor of 33532271 and 17778.
2963
Calculate the greatest common factor of 6856 and 77743612.
3428
What is the highest common divisor of 1397515 and 3850?
35
Calculate the greatest common divisor of 84665108 and 5676.
1892
Calculate the greatest common divisor of 1695 and 14246927.
113
Calculate the greatest common factor of 12064 and 5238038.
754
What is the highest common divisor of 44840 and 12440440?
760
Calculate the highest common factor of 4 and 70788868.
4
What is the greatest common divisor of 495928 and 2376?
8
Calculate the greatest common factor of 255801069 and 9.
9
What is the greatest common factor of 19673538 and 726?
6
Calculate the highest common factor of 2106 and 186156.
18
Calculate the highest common divisor of 591907 and 760.
19
What is the greatest common divisor of 1239324 and 61716?
1668
What is the highest common factor of 1295 and 31530170?
35
What is the highest common factor of 23706091 and 817?
19
Calculate the greatest common divisor of 1826586 and 81.
9
What is the highest common factor of 74515200 and 64?
64
What is the highest common factor of 61809 and 43346839?
1873
What is the greatest common factor of 537100 and 2096?
524
What is the greatest common factor of 147234 and 5300?
106
Calculate the greatest common factor of 137600858 and 161.
23
Calculate the highest common divisor of 1696 and 650893.
53
What is the greatest common factor of 40189241 and 51867?
1921
What is the highest common divisor of 4375 and 581385?
35
Calculate the highest common factor of 306 and 19054144.
34
Calculate the greatest common divisor of 82302 and 7047.
87
What is the greatest common factor of 822283 and 2519?
11
What is the greatest common factor of 743687 and 21091?
917
Calculate the greatest common divisor of 1364 and 13504964.
1364
Calculate the highest common factor of 42215168 and 61